{"version":"1.0","provider_name":"www.redon-rey.com","provider_url":"https:\/\/redon-rey.com","author_name":"admin","author_url":"https:\/\/redon-rey.com\/index.php\/author\/admin\/","title":"Baux commerciaux et professionnels - www.redon-rey.com","type":"rich","width":600,"height":338,"html":"<blockquote class=\"wp-embedded-content\"><a href=\"https:\/\/redon-rey.com\/index.php\/baux-commerciaux-et-professionnels\/\">Baux commerciaux et professionnels<\/a><\/blockquote>\n<script type='text\/javascript'>\n<!--\/\/--><![CDATA[\/\/><!--\n\t\t\/*! This file is auto-generated *\/\n\t\t!function(d,l){\"use strict\";var e=!1,n=!1;if(l.querySelector)if(d.addEventListener)e=!0;if(d.wp=d.wp||{},!d.wp.receiveEmbedMessage)if(d.wp.receiveEmbedMessage=function(e){var t=e.data;if(t)if(t.secret||t.message||t.value)if(!\/[^a-zA-Z0-9]\/.test(t.secret)){for(var r,i,a,s=l.querySelectorAll('iframe[data-secret=\"'+t.secret+'\"]'),n=l.querySelectorAll('blockquote[data-secret=\"'+t.secret+'\"]'),o=new RegExp(\"^https?:$\",\"i\"),c=0;c<n.length;c++)n[c].style.display=\"none\";for(c=0;c<s.length;c++)if(r=s[c],e.source===r.contentWindow){if(r.removeAttribute(\"style\"),\"height\"===t.message){if(1e3<(a=parseInt(t.value,10)))a=1e3;else if(~~a<200)a=200;r.height=a}if(\"link\"===t.message)if(i=l.createElement(\"a\"),a=l.createElement(\"a\"),i.href=r.getAttribute(\"src\"),a.href=t.value,o.test(a.protocol))if(a.host===i.host)if(l.activeElement===r)d.top.location.href=t.value}}},e)d.addEventListener(\"message\",d.wp.receiveEmbedMessage,!1),l.addEventListener(\"DOMContentLoaded\",t,!1),d.addEventListener(\"load\",t,!1);function t(){if(!n){n=!0;for(var e,t,r=-1!==navigator.appVersion.indexOf(\"MSIE 10\"),i=!!navigator.userAgent.match(\/Trident.*rv:11\\.\/),a=l.querySelectorAll(\"iframe.wp-embedded-content\"),s=0;s<a.length;s++){if(!(e=a[s]).getAttribute(\"data-secret\"))t=Math.random().toString(36).substr(2,10),e.src+=\"#?secret=\"+t,e.setAttribute(\"data-secret\",t);if(r||i)(t=e.cloneNode(!0)).removeAttribute(\"security\"),e.parentNode.replaceChild(t,e)}}}}(window,document);\n\/\/--><!]]>\n<\/script><iframe sandbox=\"allow-scripts\" security=\"restricted\" src=\"https:\/\/redon-rey.com\/index.php\/baux-commerciaux-et-professionnels\/embed\/\" width=\"600\" height=\"338\" title=\"\u00ab\u00a0Baux commerciaux et professionnels\u00a0\u00bb &#8212; www.redon-rey.com\" frameborder=\"0\" marginwidth=\"0\" marginheight=\"0\" scrolling=\"no\" class=\"wp-embedded-content\"><\/iframe>","thumbnail_url":"https:\/\/redon-rey.com\/wp-content\/uploads\/2020\/08\/bail.jpg","thumbnail_width":471,"thumbnail_height":304,"description":"Depuis plus de 25 ans, le cabinet intervient comme interlocuteur privil\u00e9gi\u00e9 aupr\u00e8s de tr\u00e8s nombreux bailleurs priv\u00e9s, cabinets de gestion et \u00e9galement dans le cadre de ses interventions aupr\u00e8s de l\u2019Association des propri\u00e9taires et copropri\u00e9taires : R\u00e9daction du bail, n\u00e9gociation, Cession de bail, droit au bail, R\u00e9vision triennale, Renouvellement, fixation du loyer renouvel\u00e9, D\u00e9plafonnement, Sous-location, &hellip; Lire la suite \"\""}

Depuis plus de 25 ans, le cabinet intervient comme interlocuteur privilégié auprès de très nombreux bailleurs privés, cabinets de gestion et également dans le cadre de ses interventions auprès de l’Association des propriétaires et copropriétaires : Rédaction du bail, négociation, Cession de bail, droit au bail, Révision triennale, Renouvellement, fixation du loyer renouvelé, Déplafonnement, Sous-location, &hellip; Lire la suite ""
