{"id":119,"date":"2020-08-29T17:17:12","date_gmt":"2020-08-29T15:17:12","guid":{"rendered":"http:\/\/redon-rey.com.optimal-it.fr\/?page_id=119"},"modified":"2025-06-01T18:15:54","modified_gmt":"2025-06-01T16:15:54","slug":"baux-commerciaux-et-professionnels","status":"publish","type":"page","link":"https:\/\/redon-rey.com\/index.php\/baux-commerciaux-et-professionnels\/","title":{"rendered":"Baux commerciaux et professionnels"},"content":{"rendered":"\n<p><br>Depuis plus de 25 ans, le cabinet intervient comme interlocuteur privil\u00e9gi\u00e9 aupr\u00e8s de tr\u00e8s nombreux bailleurs priv\u00e9s, cabinets de gestion et \u00e9galement dans le cadre de ses interventions aupr\u00e8s de l\u2019Association des propri\u00e9taires et copropri\u00e9taires :<\/p>\n\n\n\n<ul><li>R\u00e9daction du bail, n\u00e9gociation,<\/li><li>Cession de bail, droit au bail,<\/li><li>R\u00e9vision triennale,<\/li><li>Renouvellement, fixation du loyer renouvel\u00e9,<\/li><li>D\u00e9plafonnement,<\/li><li>Sous-location,<\/li><li>Ex\u00e9cution de travaux,<\/li><li>Cong\u00e9s,<\/li><li>Offres de renouvellement,<\/li><li>Indemnit\u00e9 d\u2019\u00e9viction,<\/li><li>Contentieux des loyers impay\u00e9s, clause r\u00e9solutoire, r\u00e9parations locatives,<\/li><li>D\u00e9sp\u00e9cialisation,<\/li><li>Droit de repentir<\/li><\/ul>\n\n\n\n<p><\/p>\n","protected":false},"excerpt":{"rendered":"<p>Depuis plus de 25 ans, le cabinet intervient comme interlocuteur privil\u00e9gi\u00e9 aupr\u00e8s de tr\u00e8s nombreux bailleurs priv\u00e9s, cabinets de gestion et \u00e9galement dans le cadre de ses interventions aupr\u00e8s de l\u2019Association des propri\u00e9taires et copropri\u00e9taires : R\u00e9daction du bail, n\u00e9gociation, Cession de bail, droit au bail, R\u00e9vision triennale, Renouvellement, fixation du loyer renouvel\u00e9, D\u00e9plafonnement, Sous-location, &hellip; <a href=\"https:\/\/redon-rey.com\/index.php\/baux-commerciaux-et-professionnels\/\" class=\"more-link\">Lire la suite<span class=\"screen-reader-text\"> \u00ab\u00a0Baux commerciaux et professionnels\u00a0\u00bb<\/span><\/a><\/p>\n","protected":false},"author":1,"featured_media":58,"parent":0,"menu_order":0,"comment_status":"closed","ping_status":"closed","template":"","meta":[],"yoast_head":"<!-- This site is optimized with the Yoast SEO plugin v15.8 - https:\/\/yoast.com\/wordpress\/plugins\/seo\/ -->\n<title>Baux commerciaux et professionnels - www.redon-rey.com<\/title>\n<meta name=\"robots\" content=\"index, follow, max-snippet:-1, max-image-preview:large, max-video-preview:-1\" \/>\n<link rel=\"canonical\" href=\"https:\/\/redon-rey.com\/index.php\/baux-commerciaux-et-professionnels\/\" \/>\n<meta property=\"og:locale\" content=\"fr_FR\" \/>\n<meta property=\"og:type\" content=\"article\" \/>\n<meta property=\"og:title\" content=\"Baux commerciaux et professionnels - www.redon-rey.com\" \/>\n<meta property=\"og:description\" content=\"Depuis plus de 25 ans, le cabinet intervient comme interlocuteur privil\u00e9gi\u00e9 aupr\u00e8s de tr\u00e8s nombreux bailleurs priv\u00e9s, cabinets de gestion et \u00e9galement dans le cadre de ses interventions aupr\u00e8s de l\u2019Association des propri\u00e9taires et copropri\u00e9taires : R\u00e9daction du bail, n\u00e9gociation, Cession de bail, droit au bail, R\u00e9vision triennale, Renouvellement, fixation du loyer renouvel\u00e9, D\u00e9plafonnement, Sous-location, &hellip; Lire la suite &quot;Baux commerciaux et professionnels&quot;\" \/>\n<meta property=\"og:url\" content=\"https:\/\/redon-rey.com\/index.php\/baux-commerciaux-et-professionnels\/\" \/>\n<meta property=\"og:site_name\" content=\"www.redon-rey.com\" \/>\n<meta property=\"article:modified_time\" content=\"2025-06-01T16:15:54+00:00\" \/>\n<meta property=\"og:image\" content=\"https:\/\/redon-rey.com\/wp-content\/uploads\/2020\/08\/bail.jpg\" \/>\n\t<meta property=\"og:image:width\" content=\"471\" \/>\n\t<meta property=\"og:image:height\" content=\"304\" \/>\n<meta name=\"twitter:card\" content=\"summary_large_image\" \/>\n<meta name=\"twitter:label1\" content=\"Dur\u00e9e de lecture est.\">\n\t<meta name=\"twitter:data1\" content=\"1 minute\">\n<script type=\"application\/ld+json\" class=\"yoast-schema-graph\">{\"@context\":\"https:\/\/schema.org\",\"@graph\":[{\"@type\":\"WebSite\",\"@id\":\"https:\/\/redon-rey.com\/#website\",\"url\":\"https:\/\/redon-rey.com\/\",\"name\":\"Cabinet d'avocat Redon-Rey\",\"description\":\"Cabinet Redon-Rey &amp; Lakehal\",\"potentialAction\":[{\"@type\":\"SearchAction\",\"target\":\"https:\/\/redon-rey.com\/?s={search_term_string}\",\"query-input\":\"required name=search_term_string\"}],\"inLanguage\":\"fr-FR\"},{\"@type\":\"ImageObject\",\"@id\":\"https:\/\/redon-rey.com\/index.php\/baux-commerciaux-et-professionnels\/#primaryimage\",\"inLanguage\":\"fr-FR\",\"url\":\"https:\/\/redon-rey.com\/wp-content\/uploads\/2020\/08\/bail.jpg\",\"width\":471,\"height\":304,\"caption\":\"Baux commerciaux et professionnels\"},{\"@type\":\"WebPage\",\"@id\":\"https:\/\/redon-rey.com\/index.php\/baux-commerciaux-et-professionnels\/#webpage\",\"url\":\"https:\/\/redon-rey.com\/index.php\/baux-commerciaux-et-professionnels\/\",\"name\":\"Baux commerciaux et professionnels - www.redon-rey.com\",\"isPartOf\":{\"@id\":\"https:\/\/redon-rey.com\/#website\"},\"primaryImageOfPage\":{\"@id\":\"https:\/\/redon-rey.com\/index.php\/baux-commerciaux-et-professionnels\/#primaryimage\"},\"datePublished\":\"2020-08-29T15:17:12+00:00\",\"dateModified\":\"2025-06-01T16:15:54+00:00\",\"breadcrumb\":{\"@id\":\"https:\/\/redon-rey.com\/index.php\/baux-commerciaux-et-professionnels\/#breadcrumb\"},\"inLanguage\":\"fr-FR\",\"potentialAction\":[{\"@type\":\"ReadAction\",\"target\":[\"https:\/\/redon-rey.com\/index.php\/baux-commerciaux-et-professionnels\/\"]}]},{\"@type\":\"BreadcrumbList\",\"@id\":\"https:\/\/redon-rey.com\/index.php\/baux-commerciaux-et-professionnels\/#breadcrumb\",\"itemListElement\":[{\"@type\":\"ListItem\",\"position\":1,\"item\":{\"@type\":\"WebPage\",\"@id\":\"https:\/\/redon-rey.com\/\",\"url\":\"https:\/\/redon-rey.com\/\",\"name\":\"Accueil\"}},{\"@type\":\"ListItem\",\"position\":2,\"item\":{\"@type\":\"WebPage\",\"@id\":\"https:\/\/redon-rey.com\/index.php\/baux-commerciaux-et-professionnels\/\",\"url\":\"https:\/\/redon-rey.com\/index.php\/baux-commerciaux-et-professionnels\/\",\"name\":\"Baux commerciaux et professionnels\"}}]}]}<\/script>\n<!-- \/ Yoast SEO plugin. -->","_links":{"self":[{"href":"https:\/\/redon-rey.com\/index.php\/wp-json\/wp\/v2\/pages\/119"}],"collection":[{"href":"https:\/\/redon-rey.com\/index.php\/wp-json\/wp\/v2\/pages"}],"about":[{"href":"https:\/\/redon-rey.com\/index.php\/wp-json\/wp\/v2\/types\/page"}],"author":[{"embeddable":true,"href":"https:\/\/redon-rey.com\/index.php\/wp-json\/wp\/v2\/users\/1"}],"replies":[{"embeddable":true,"href":"https:\/\/redon-rey.com\/index.php\/wp-json\/wp\/v2\/comments?post=119"}],"version-history":[{"count":10,"href":"https:\/\/redon-rey.com\/index.php\/wp-json\/wp\/v2\/pages\/119\/revisions"}],"predecessor-version":[{"id":373,"href":"https:\/\/redon-rey.com\/index.php\/wp-json\/wp\/v2\/pages\/119\/revisions\/373"}],"wp:featuredmedia":[{"embeddable":true,"href":"https:\/\/redon-rey.com\/index.php\/wp-json\/wp\/v2\/media\/58"}],"wp:attachment":[{"href":"https:\/\/redon-rey.com\/index.php\/wp-json\/wp\/v2\/media?parent=119"}],"curies":[{"name":"wp","href":"https:\/\/api.w.org\/{rel}","templated":true}]}}

<p><br>Depuis plus de 25 ans, le cabinet intervient comme interlocuteur privilégié auprès de très nombreux bailleurs privés, cabinets de gestion et également dans le cadre de ses interventions auprès de l’Association des propriétaires et copropriétaires :</p>



<ul><li>Rédaction du bail, négociation,</li><li>Cession de bail, droit au bail,</li><li>Révision triennale,</li><li>Renouvellement, fixation du loyer renouvelé,</li><li>Déplafonnement,</li><li>Sous-location,</li><li>Exécution de travaux,</li><li>Congés,</li><li>Offres de renouvellement,</li><li>Indemnité d’éviction,</li><li>Contentieux des loyers impayés, clause résolutoire, réparations locatives,</li><li>Déspécialisation,</li><li>Droit de repentir</li></ul>



<p></p>

<p>Depuis plus de 25 ans, le cabinet intervient comme interlocuteur privilégié auprès de très nombreux bailleurs privés, cabinets de gestion et également dans le cadre de ses interventions auprès de l’Association des propriétaires et copropriétaires : Rédaction du bail, négociation, Cession de bail, droit au bail, Révision triennale, Renouvellement, fixation du loyer renouvelé, Déplafonnement, Sous-location, &hellip; <a href="https://redon-rey.com/index.php/baux-commerciaux-et-professionnels/" class="more-link">Lire la suite<span class="screen-reader-text"> « Baux commerciaux et professionnels »</span></a></p>

<!-- This site is optimized with the Yoast SEO plugin v15.8 - https://yoast.com/wordpress/plugins/seo/ -->
<title>Baux commerciaux et professionnels - www.redon-rey.com</title>
<meta name="robots" content="index, follow, max-snippet:-1, max-image-preview:large, max-video-preview:-1" />
<link rel="canonical" href="https://redon-rey.com/index.php/baux-commerciaux-et-professionnels/" />
<meta property="og:locale" content="fr_FR" />
<meta property="og:type" content="article" />
<meta property="og:title" content="Baux commerciaux et professionnels - www.redon-rey.com" />
<meta property="og:description" content="Depuis plus de 25 ans, le cabinet intervient comme interlocuteur privilégié auprès de très nombreux bailleurs privés, cabinets de gestion et également dans le cadre de ses interventions auprès de l’Association des propriétaires et copropriétaires : Rédaction du bail, négociation, Cession de bail, droit au bail, Révision triennale, Renouvellement, fixation du loyer renouvelé, Déplafonnement, Sous-location, &hellip; Lire la suite &quot;Baux commerciaux et professionnels&quot;" />
<meta property="og:url" content="https://redon-rey.com/index.php/baux-commerciaux-et-professionnels/" />
<meta property="og:site_name" content="www.redon-rey.com" />
<meta property="article:modified_time" content="2025-06-01T16:15:54+00:00" />
<meta property="og:image" content="https://redon-rey.com/wp-content/uploads/2020/08/bail.jpg" />
	<meta property="og:image:width" content="471" />
	<meta property="og:image:height" content="304" />
<meta name="twitter:card" content="summary_large_image" />
<meta name="twitter:label1" content="Durée de lecture est.">
	<meta name="twitter:data1" content="1 minute">
<script type="application/ld+json" class="yoast-schema-graph">{"@context":"https://schema.org","@graph":[{"@type":"WebSite","@id":"https://redon-rey.com/#website","url":"https://redon-rey.com/","name":"Cabinet d'avocat Redon-Rey","description":"Cabinet Redon-Rey &amp; Lakehal","potentialAction":[{"@type":"SearchAction","target":"https://redon-rey.com/?s={search_term_string}","query-input":"required name=search_term_string"}],"inLanguage":"fr-FR"},{"@type":"ImageObject","@id":"https://redon-rey.com/index.php/baux-commerciaux-et-professionnels/#primaryimage","inLanguage":"fr-FR","url":"https://redon-rey.com/wp-content/uploads/2020/08/bail.jpg","width":471,"height":304,"caption":"Baux commerciaux et professionnels"},{"@type":"WebPage","@id":"https://redon-rey.com/index.php/baux-commerciaux-et-professionnels/#webpage","url":"https://redon-rey.com/index.php/baux-commerciaux-et-professionnels/","name":"Baux commerciaux et professionnels - www.redon-rey.com","isPartOf":{"@id":"https://redon-rey.com/#website"},"primaryImageOfPage":{"@id":"https://redon-rey.com/index.php/baux-commerciaux-et-professionnels/#primaryimage"},"datePublished":"2020-08-29T15:17:12+00:00","dateModified":"2025-06-01T16:15:54+00:00","breadcrumb":{"@id":"https://redon-rey.com/index.php/baux-commerciaux-et-professionnels/#breadcrumb"},"inLanguage":"fr-FR","potentialAction":[{"@type":"ReadAction","target":["https://redon-rey.com/index.php/baux-commerciaux-et-professionnels/"]}]},{"@type":"BreadcrumbList","@id":"https://redon-rey.com/index.php/baux-commerciaux-et-professionnels/#breadcrumb","itemListElement":[{"@type":"ListItem","position":1,"item":{"@type":"WebPage","@id":"https://redon-rey.com/","url":"https://redon-rey.com/","name":"Accueil"}},{"@type":"ListItem","position":2,"item":{"@type":"WebPage","@id":"https://redon-rey.com/index.php/baux-commerciaux-et-professionnels/","url":"https://redon-rey.com/index.php/baux-commerciaux-et-professionnels/","name":"Baux commerciaux et professionnels"}}]}]}</script>
<!-- / Yoast SEO plugin. -->
