{"id":146,"date":"2020-08-29T17:58:58","date_gmt":"2020-08-29T15:58:58","guid":{"rendered":"http:\/\/redon-rey.com.optimal-it.fr\/?page_id=146"},"modified":"2025-06-01T18:31:13","modified_gmt":"2025-06-01T16:31:13","slug":"transactions-immobilieres","status":"publish","type":"page","link":"https:\/\/redon-rey.com\/index.php\/transactions-immobilieres\/","title":{"rendered":"Transactions immobili\u00e8res"},"content":{"rendered":"\n<p><br>Membre de l\u2019AAMTI R\u00e9seau des Avocats Mandataires en transactions immobili\u00e8res, le cabinet intervient en tant que mandataire immobilier.<\/p>\n\n\n\n<p>L\u2019avocat est mandataire immobilier \u00e0 titre accessoire. Il peut ainsi prendre en charge la mise en vente de biens immobiliers dans le cadre des dossiers qu\u2019il suit.<br><br>Au cours d\u2019une proc\u00e9dure en droit immobilier, en droit de la famille, le recours \u00e0 une vente d\u2019un bien immobilier peut s\u2019av\u00e9rer en effet n\u00e9cessaire.<br>L\u2019intervention de l\u2019avocat mandataire immobilier, soumise au contr\u00f4le de l\u2019Ordre des Avocats, constitue une s\u00e9curit\u00e9 juridique suppl\u00e9mentaire dans le cadre de vente immobili\u00e8re.<br><br>Le cabinet ne se contente pas de s\u2019occuper de la transaction immobili\u00e8re demand\u00e9e comme peuvent le faire certains professionnels.<br>Il vous offre en effet un v\u00e9ritable accompagnement personnalis\u00e9 adapt\u00e9 \u00e0 vos exigences, vos besoins et votre situation personnelle.<br>Le cabinet saura \u00e9galement analyser juridiquement votre situation et donc apporter toutes les garanties n\u00e9cessaires au succ\u00e8s de votre projet.<br><br>Le r\u00f4le de l\u2019avocat ne s\u2019inscrit donc pas dans une d\u00e9marche commerciale, \u00e0 l\u2019instar de nombreux autres professionnels.<\/p>\n","protected":false},"excerpt":{"rendered":"<p>Membre de l\u2019AAMTI R\u00e9seau des Avocats Mandataires en transactions immobili\u00e8res, le cabinet intervient en tant que mandataire immobilier. L\u2019avocat est mandataire immobilier \u00e0 titre accessoire. Il peut ainsi prendre en charge la mise en vente de biens immobiliers dans le cadre des dossiers qu\u2019il suit. Au cours d\u2019une proc\u00e9dure en droit immobilier, en droit de &hellip; <a href=\"https:\/\/redon-rey.com\/index.php\/transactions-immobilieres\/\" class=\"more-link\">Lire la suite<span class=\"screen-reader-text\"> \u00ab\u00a0Transactions immobili\u00e8res\u00a0\u00bb<\/span><\/a><\/p>\n","protected":false},"author":1,"featured_media":74,"parent":0,"menu_order":0,"comment_status":"closed","ping_status":"closed","template":"","meta":[],"yoast_head":"<!-- This site is optimized with the Yoast SEO plugin v15.8 - https:\/\/yoast.com\/wordpress\/plugins\/seo\/ -->\n<title>Transactions immobili\u00e8res - www.redon-rey.com<\/title>\n<meta name=\"robots\" content=\"index, follow, max-snippet:-1, max-image-preview:large, max-video-preview:-1\" \/>\n<link rel=\"canonical\" href=\"https:\/\/redon-rey.com\/index.php\/transactions-immobilieres\/\" \/>\n<meta property=\"og:locale\" content=\"fr_FR\" \/>\n<meta property=\"og:type\" content=\"article\" \/>\n<meta property=\"og:title\" content=\"Transactions immobili\u00e8res - www.redon-rey.com\" \/>\n<meta property=\"og:description\" content=\"Membre de l\u2019AAMTI R\u00e9seau des Avocats Mandataires en transactions immobili\u00e8res, le cabinet intervient en tant que mandataire immobilier. L\u2019avocat est mandataire immobilier \u00e0 titre accessoire. Il peut ainsi prendre en charge la mise en vente de biens immobiliers dans le cadre des dossiers qu\u2019il suit. Au cours d\u2019une proc\u00e9dure en droit immobilier, en droit de &hellip; Lire la suite &quot;Transactions immobili\u00e8res&quot;\" \/>\n<meta property=\"og:url\" content=\"https:\/\/redon-rey.com\/index.php\/transactions-immobilieres\/\" \/>\n<meta property=\"og:site_name\" content=\"www.redon-rey.com\" \/>\n<meta property=\"article:modified_time\" content=\"2025-06-01T16:31:13+00:00\" \/>\n<meta property=\"og:image\" content=\"https:\/\/redon-rey.com\/wp-content\/uploads\/2020\/08\/transactions.jpg\" \/>\n\t<meta property=\"og:image:width\" content=\"471\" \/>\n\t<meta property=\"og:image:height\" content=\"304\" \/>\n<meta name=\"twitter:card\" content=\"summary_large_image\" \/>\n<meta name=\"twitter:label1\" content=\"Dur\u00e9e de lecture est.\">\n\t<meta name=\"twitter:data1\" content=\"1 minute\">\n<script type=\"application\/ld+json\" class=\"yoast-schema-graph\">{\"@context\":\"https:\/\/schema.org\",\"@graph\":[{\"@type\":\"WebSite\",\"@id\":\"https:\/\/redon-rey.com\/#website\",\"url\":\"https:\/\/redon-rey.com\/\",\"name\":\"Cabinet d'avocat Redon-Rey\",\"description\":\"Cabinet Redon-Rey &amp; Lakehal\",\"potentialAction\":[{\"@type\":\"SearchAction\",\"target\":\"https:\/\/redon-rey.com\/?s={search_term_string}\",\"query-input\":\"required name=search_term_string\"}],\"inLanguage\":\"fr-FR\"},{\"@type\":\"ImageObject\",\"@id\":\"https:\/\/redon-rey.com\/index.php\/transactions-immobilieres\/#primaryimage\",\"inLanguage\":\"fr-FR\",\"url\":\"https:\/\/redon-rey.com\/wp-content\/uploads\/2020\/08\/transactions.jpg\",\"width\":471,\"height\":304,\"caption\":\"Transactions immobili\\u00e8res\"},{\"@type\":\"WebPage\",\"@id\":\"https:\/\/redon-rey.com\/index.php\/transactions-immobilieres\/#webpage\",\"url\":\"https:\/\/redon-rey.com\/index.php\/transactions-immobilieres\/\",\"name\":\"Transactions immobili\\u00e8res - www.redon-rey.com\",\"isPartOf\":{\"@id\":\"https:\/\/redon-rey.com\/#website\"},\"primaryImageOfPage\":{\"@id\":\"https:\/\/redon-rey.com\/index.php\/transactions-immobilieres\/#primaryimage\"},\"datePublished\":\"2020-08-29T15:58:58+00:00\",\"dateModified\":\"2025-06-01T16:31:13+00:00\",\"breadcrumb\":{\"@id\":\"https:\/\/redon-rey.com\/index.php\/transactions-immobilieres\/#breadcrumb\"},\"inLanguage\":\"fr-FR\",\"potentialAction\":[{\"@type\":\"ReadAction\",\"target\":[\"https:\/\/redon-rey.com\/index.php\/transactions-immobilieres\/\"]}]},{\"@type\":\"BreadcrumbList\",\"@id\":\"https:\/\/redon-rey.com\/index.php\/transactions-immobilieres\/#breadcrumb\",\"itemListElement\":[{\"@type\":\"ListItem\",\"position\":1,\"item\":{\"@type\":\"WebPage\",\"@id\":\"https:\/\/redon-rey.com\/\",\"url\":\"https:\/\/redon-rey.com\/\",\"name\":\"Accueil\"}},{\"@type\":\"ListItem\",\"position\":2,\"item\":{\"@type\":\"WebPage\",\"@id\":\"https:\/\/redon-rey.com\/index.php\/transactions-immobilieres\/\",\"url\":\"https:\/\/redon-rey.com\/index.php\/transactions-immobilieres\/\",\"name\":\"Transactions immobili\\u00e8res\"}}]}]}<\/script>\n<!-- \/ Yoast SEO plugin. -->","_links":{"self":[{"href":"https:\/\/redon-rey.com\/index.php\/wp-json\/wp\/v2\/pages\/146"}],"collection":[{"href":"https:\/\/redon-rey.com\/index.php\/wp-json\/wp\/v2\/pages"}],"about":[{"href":"https:\/\/redon-rey.com\/index.php\/wp-json\/wp\/v2\/types\/page"}],"author":[{"embeddable":true,"href":"https:\/\/redon-rey.com\/index.php\/wp-json\/wp\/v2\/users\/1"}],"replies":[{"embeddable":true,"href":"https:\/\/redon-rey.com\/index.php\/wp-json\/wp\/v2\/comments?post=146"}],"version-history":[{"count":7,"href":"https:\/\/redon-rey.com\/index.php\/wp-json\/wp\/v2\/pages\/146\/revisions"}],"predecessor-version":[{"id":388,"href":"https:\/\/redon-rey.com\/index.php\/wp-json\/wp\/v2\/pages\/146\/revisions\/388"}],"wp:featuredmedia":[{"embeddable":true,"href":"https:\/\/redon-rey.com\/index.php\/wp-json\/wp\/v2\/media\/74"}],"wp:attachment":[{"href":"https:\/\/redon-rey.com\/index.php\/wp-json\/wp\/v2\/media?parent=146"}],"curies":[{"name":"wp","href":"https:\/\/api.w.org\/{rel}","templated":true}]}}