{"id":152,"date":"2020-08-29T18:02:54","date_gmt":"2020-08-29T16:02:54","guid":{"rendered":"http:\/\/redon-rey.com.optimal-it.fr\/?page_id=152"},"modified":"2025-06-01T19:07:01","modified_gmt":"2025-06-01T17:07:01","slug":"droit-de-la-famille-et-des-personnes","status":"publish","type":"page","link":"https:\/\/redon-rey.com\/index.php\/droit-de-la-famille-et-des-personnes\/","title":{"rendered":"Droit de la famille"},"content":{"rendered":"\n<p style=\"text-align: justify;\">Le cabinet vous conseille et intervient dans le cadre de votre proc\u00e9dure de divorce ou des proc\u00e9dures relatives contentieux relatif \u00e0 l\u2019autorit\u00e9 parentale et \u00e0 la r\u00e9sidence des enfants :<\/p>\n\n\n\n<ul><li>Divorce par consentement mutuel<\/li><li>Divorce pour faute<\/li><li>Fixation et r\u00e9vision de la prestation compensatoire<\/li><li>Garde d&rsquo;enfants, R\u00e9sidence, Droit de visite et d&rsquo;h\u00e9bergement<\/li><li>Autorit\u00e9 parentale<\/li><li>Droit des successions<\/li><\/ul>\n","protected":false},"excerpt":{"rendered":"<p>Le cabinet vous conseille et intervient dans le cadre de votre proc\u00e9dure de divorce ou des proc\u00e9dures relatives contentieux relatif \u00e0 l\u2019autorit\u00e9 parentale et \u00e0 la r\u00e9sidence des enfants : Divorce par consentement mutuel Divorce pour faute Fixation et r\u00e9vision de la prestation compensatoire Garde d&rsquo;enfants, R\u00e9sidence, Droit de visite et d&rsquo;h\u00e9bergement Autorit\u00e9 parentale Droit &hellip; <a href=\"https:\/\/redon-rey.com\/index.php\/droit-de-la-famille-et-des-personnes\/\" class=\"more-link\">Lire la suite<span class=\"screen-reader-text\"> \u00ab\u00a0Droit de la famille\u00a0\u00bb<\/span><\/a><\/p>\n","protected":false},"author":1,"featured_media":72,"parent":0,"menu_order":0,"comment_status":"closed","ping_status":"closed","template":"","meta":[],"yoast_head":"<!-- This site is optimized with the Yoast SEO plugin v15.8 - https:\/\/yoast.com\/wordpress\/plugins\/seo\/ -->\n<title>Droit de la famille - www.redon-rey.com<\/title>\n<meta name=\"robots\" content=\"index, follow, max-snippet:-1, max-image-preview:large, max-video-preview:-1\" \/>\n<link rel=\"canonical\" href=\"https:\/\/redon-rey.com\/index.php\/droit-de-la-famille-et-des-personnes\/\" \/>\n<meta property=\"og:locale\" content=\"fr_FR\" \/>\n<meta property=\"og:type\" content=\"article\" \/>\n<meta property=\"og:title\" content=\"Droit de la famille - www.redon-rey.com\" \/>\n<meta property=\"og:description\" content=\"Le cabinet vous conseille et intervient dans le cadre de votre proc\u00e9dure de divorce ou des proc\u00e9dures relatives contentieux relatif \u00e0 l\u2019autorit\u00e9 parentale et \u00e0 la r\u00e9sidence des enfants : Divorce par consentement mutuel Divorce pour faute Fixation et r\u00e9vision de la prestation compensatoire Garde d&rsquo;enfants, R\u00e9sidence, Droit de visite et d&rsquo;h\u00e9bergement Autorit\u00e9 parentale Droit &hellip; Lire la suite &quot;Droit de la famille&quot;\" \/>\n<meta property=\"og:url\" content=\"https:\/\/redon-rey.com\/index.php\/droit-de-la-famille-et-des-personnes\/\" \/>\n<meta property=\"og:site_name\" content=\"www.redon-rey.com\" \/>\n<meta property=\"article:modified_time\" content=\"2025-06-01T17:07:01+00:00\" \/>\n<meta property=\"og:image\" content=\"https:\/\/redon-rey.com\/wp-content\/uploads\/2020\/08\/droit-de-la-famille.jpg\" \/>\n\t<meta property=\"og:image:width\" content=\"471\" \/>\n\t<meta property=\"og:image:height\" content=\"304\" \/>\n<meta name=\"twitter:card\" content=\"summary_large_image\" \/>\n<meta name=\"twitter:label1\" content=\"Dur\u00e9e de lecture est.\">\n\t<meta name=\"twitter:data1\" content=\"1 minute\">\n<script type=\"application\/ld+json\" class=\"yoast-schema-graph\">{\"@context\":\"https:\/\/schema.org\",\"@graph\":[{\"@type\":\"WebSite\",\"@id\":\"https:\/\/redon-rey.com\/#website\",\"url\":\"https:\/\/redon-rey.com\/\",\"name\":\"Cabinet d'avocat Redon-Rey\",\"description\":\"Cabinet Redon-Rey &amp; Lakehal\",\"potentialAction\":[{\"@type\":\"SearchAction\",\"target\":\"https:\/\/redon-rey.com\/?s={search_term_string}\",\"query-input\":\"required name=search_term_string\"}],\"inLanguage\":\"fr-FR\"},{\"@type\":\"ImageObject\",\"@id\":\"https:\/\/redon-rey.com\/index.php\/droit-de-la-famille-et-des-personnes\/#primaryimage\",\"inLanguage\":\"fr-FR\",\"url\":\"https:\/\/redon-rey.com\/wp-content\/uploads\/2020\/08\/droit-de-la-famille.jpg\",\"width\":471,\"height\":304,\"caption\":\"Droit de la famille\"},{\"@type\":\"WebPage\",\"@id\":\"https:\/\/redon-rey.com\/index.php\/droit-de-la-famille-et-des-personnes\/#webpage\",\"url\":\"https:\/\/redon-rey.com\/index.php\/droit-de-la-famille-et-des-personnes\/\",\"name\":\"Droit de la famille - www.redon-rey.com\",\"isPartOf\":{\"@id\":\"https:\/\/redon-rey.com\/#website\"},\"primaryImageOfPage\":{\"@id\":\"https:\/\/redon-rey.com\/index.php\/droit-de-la-famille-et-des-personnes\/#primaryimage\"},\"datePublished\":\"2020-08-29T16:02:54+00:00\",\"dateModified\":\"2025-06-01T17:07:01+00:00\",\"breadcrumb\":{\"@id\":\"https:\/\/redon-rey.com\/index.php\/droit-de-la-famille-et-des-personnes\/#breadcrumb\"},\"inLanguage\":\"fr-FR\",\"potentialAction\":[{\"@type\":\"ReadAction\",\"target\":[\"https:\/\/redon-rey.com\/index.php\/droit-de-la-famille-et-des-personnes\/\"]}]},{\"@type\":\"BreadcrumbList\",\"@id\":\"https:\/\/redon-rey.com\/index.php\/droit-de-la-famille-et-des-personnes\/#breadcrumb\",\"itemListElement\":[{\"@type\":\"ListItem\",\"position\":1,\"item\":{\"@type\":\"WebPage\",\"@id\":\"https:\/\/redon-rey.com\/\",\"url\":\"https:\/\/redon-rey.com\/\",\"name\":\"Accueil\"}},{\"@type\":\"ListItem\",\"position\":2,\"item\":{\"@type\":\"WebPage\",\"@id\":\"https:\/\/redon-rey.com\/index.php\/droit-de-la-famille-et-des-personnes\/\",\"url\":\"https:\/\/redon-rey.com\/index.php\/droit-de-la-famille-et-des-personnes\/\",\"name\":\"Droit de la famille\"}}]}]}<\/script>\n<!-- \/ Yoast SEO plugin. -->","_links":{"self":[{"href":"https:\/\/redon-rey.com\/index.php\/wp-json\/wp\/v2\/pages\/152"}],"collection":[{"href":"https:\/\/redon-rey.com\/index.php\/wp-json\/wp\/v2\/pages"}],"about":[{"href":"https:\/\/redon-rey.com\/index.php\/wp-json\/wp\/v2\/types\/page"}],"author":[{"embeddable":true,"href":"https:\/\/redon-rey.com\/index.php\/wp-json\/wp\/v2\/users\/1"}],"replies":[{"embeddable":true,"href":"https:\/\/redon-rey.com\/index.php\/wp-json\/wp\/v2\/comments?post=152"}],"version-history":[{"count":12,"href":"https:\/\/redon-rey.com\/index.php\/wp-json\/wp\/v2\/pages\/152\/revisions"}],"predecessor-version":[{"id":404,"href":"https:\/\/redon-rey.com\/index.php\/wp-json\/wp\/v2\/pages\/152\/revisions\/404"}],"wp:featuredmedia":[{"embeddable":true,"href":"https:\/\/redon-rey.com\/index.php\/wp-json\/wp\/v2\/media\/72"}],"wp:attachment":[{"href":"https:\/\/redon-rey.com\/index.php\/wp-json\/wp\/v2\/media?parent=152"}],"curies":[{"name":"wp","href":"https:\/\/api.w.org\/{rel}","templated":true}]}}