{"id":389,"date":"2025-06-01T18:37:00","date_gmt":"2025-06-01T16:37:00","guid":{"rendered":"https:\/\/redon-rey.com\/?page_id=389"},"modified":"2025-10-31T17:04:25","modified_gmt":"2025-10-31T16:04:25","slug":"lequipe","status":"publish","type":"page","link":"https:\/\/redon-rey.com\/index.php\/lequipe\/","title":{"rendered":"L&rsquo;\u00e9quipe"},"content":{"rendered":"\n<div class=\"wp-block-media-text alignwide is-stacked-on-mobile\" style=\"grid-template-columns:20% auto\"><figure class=\"wp-block-media-text__media\"><img loading=\"lazy\" width=\"728\" height=\"728\" src=\"https:\/\/redon-rey.com\/wp-content\/uploads\/2025\/08\/ValerieREDON-REY-1.jpg\" alt=\"\" class=\"wp-image-423 size-full\" srcset=\"https:\/\/redon-rey.com\/wp-content\/uploads\/2025\/08\/ValerieREDON-REY-1.jpg 728w, https:\/\/redon-rey.com\/wp-content\/uploads\/2025\/08\/ValerieREDON-REY-1-300x300.jpg 300w, https:\/\/redon-rey.com\/wp-content\/uploads\/2025\/08\/ValerieREDON-REY-1-150x150.jpg 150w\" sizes=\"(max-width: 728px) 100vw, 728px\" \/><\/figure><div class=\"wp-block-media-text__content\">\n<p><strong>Val\u00e9rie REDON-REY<\/strong><br>Avocat Honoraire<br>Prestation de serment en 1996<br>Avocat mandataire en transactions immobili\u00e8res<br>IEJUC Droit des baux, copropri\u00e9t\u00e9<br><\/p>\n\n\n\n<p><\/p>\n<\/div><\/div>\n\n\n\n<hr class=\"wp-block-separator\"\/>\n\n\n\n<div class=\"wp-block-media-text alignwide is-stacked-on-mobile\" style=\"grid-template-columns:20% auto\"><figure class=\"wp-block-media-text__media\"><img loading=\"lazy\" width=\"728\" height=\"728\" src=\"https:\/\/redon-rey.com\/wp-content\/uploads\/2025\/08\/AdamLAKEHAL.jpeg\" alt=\"\" class=\"wp-image-427 size-full\" srcset=\"https:\/\/redon-rey.com\/wp-content\/uploads\/2025\/08\/AdamLAKEHAL.jpeg 728w, https:\/\/redon-rey.com\/wp-content\/uploads\/2025\/08\/AdamLAKEHAL-300x300.jpeg 300w, https:\/\/redon-rey.com\/wp-content\/uploads\/2025\/08\/AdamLAKEHAL-150x150.jpeg 150w\" sizes=\"(max-width: 728px) 100vw, 728px\" \/><\/figure><div class=\"wp-block-media-text__content\">\n<p><strong>Adam LAKEHAL<\/strong><br>Avocat \u00e0 la Cour<br>Prestation de serment en 2020<br>Master Droit des personnes et de la famille<br>DU Baux commerciaux<br><br>\n<a href=\"https:\/\/www.linkedin.com\/in\/adam-lakehal-a3b596286\" target=\"_blank\" rel=\"noopener noreferrer\">\n  <img loading=\"lazy\" src=\"https:\/\/cdn-icons-png.flaticon.com\/512\/174\/174857.png\" alt=\"LinkedIn\" width=\"24\" height=\"24\" style=\"vertical-align: middle; margin-left: 0px;\">\n<\/a><\/p>\n<\/div><\/div>\n\n\n\n<hr class=\"wp-block-separator\"\/>\n\n\n\n<div class=\"wp-block-media-text alignwide is-stacked-on-mobile\" style=\"grid-template-columns:20% auto\"><figure class=\"wp-block-media-text__media\"><img loading=\"lazy\" width=\"728\" height=\"728\" src=\"https:\/\/redon-rey.com\/wp-content\/uploads\/2025\/08\/JeromeMOMAS.jpeg\" alt=\"\" class=\"wp-image-433 size-full\" srcset=\"https:\/\/redon-rey.com\/wp-content\/uploads\/2025\/08\/JeromeMOMAS.jpeg 728w, https:\/\/redon-rey.com\/wp-content\/uploads\/2025\/08\/JeromeMOMAS-300x300.jpeg 300w, https:\/\/redon-rey.com\/wp-content\/uploads\/2025\/08\/JeromeMOMAS-150x150.jpeg 150w\" sizes=\"(max-width: 728px) 100vw, 728px\" \/><\/figure><div class=\"wp-block-media-text__content\">\n<p><strong>J\u00e9r\u00f4me MOMAS<\/strong><br>Avocat \u00e0 la Cour<br>Prestation de serment en 2005<br>Doctorat en Droit<br>Ma\u00eetrise de Droit public<br><br>\n<a href=\"https:\/\/www.linkedin.com\/in\/jer%C3%B4me-momas-4933271b\" target=\"_blank\" rel=\"noopener noreferrer\">\n  <img loading=\"lazy\" src=\"https:\/\/cdn-icons-png.flaticon.com\/512\/174\/174857.png\" alt=\"LinkedIn\" width=\"24\" height=\"24\" style=\"vertical-align: middle; margin-left: 0px;\">\n<\/a><\/p>\n<\/div><\/div>\n\n\n\n<hr class=\"wp-block-separator\"\/>\n\n\n\n<div class=\"wp-block-media-text alignwide is-stacked-on-mobile\" style=\"grid-template-columns:20% auto\"><figure class=\"wp-block-media-text__media\"><img loading=\"lazy\" width=\"728\" height=\"728\" src=\"https:\/\/redon-rey.com\/wp-content\/uploads\/2025\/08\/AliciaLOVAT.jpeg\" alt=\"\" class=\"wp-image-442 size-full\" srcset=\"https:\/\/redon-rey.com\/wp-content\/uploads\/2025\/08\/AliciaLOVAT.jpeg 728w, https:\/\/redon-rey.com\/wp-content\/uploads\/2025\/08\/AliciaLOVAT-300x300.jpeg 300w, https:\/\/redon-rey.com\/wp-content\/uploads\/2025\/08\/AliciaLOVAT-150x150.jpeg 150w\" sizes=\"(max-width: 728px) 100vw, 728px\" \/><\/figure><div class=\"wp-block-media-text__content\">\n<p><strong>Alicia LOVAT<\/strong><br>Juriste<br>Master Droit Immobilier<br>Dipl\u00f4me de Juriste de G\u00e9om\u00e8tre-expert<br><br>\n<a href=\"https:\/\/www.linkedin.com\/in\/alicia-lovat-b3b82b1b1\" target=\"_blank\" rel=\"noopener noreferrer\">\n  <img loading=\"lazy\" src=\"https:\/\/cdn-icons-png.flaticon.com\/512\/174\/174857.png\" alt=\"LinkedIn\" width=\"24\" height=\"24\" style=\"vertical-align: middle; margin-left: 0px;\">\n<\/a><\/p>\n<\/div><\/div>\n\n\n\n<hr class=\"wp-block-separator\"\/>\n\n\n\n<div class=\"wp-block-media-text alignwide is-stacked-on-mobile\" style=\"grid-template-columns:20% auto\"><figure class=\"wp-block-media-text__media\"><img loading=\"lazy\" width=\"728\" height=\"728\" src=\"https:\/\/redon-rey.com\/wp-content\/uploads\/2025\/08\/MarionVILLANOVA.jpeg\" alt=\"\" class=\"wp-image-445 size-full\" srcset=\"https:\/\/redon-rey.com\/wp-content\/uploads\/2025\/08\/MarionVILLANOVA.jpeg 728w, https:\/\/redon-rey.com\/wp-content\/uploads\/2025\/08\/MarionVILLANOVA-300x300.jpeg 300w, https:\/\/redon-rey.com\/wp-content\/uploads\/2025\/08\/MarionVILLANOVA-150x150.jpeg 150w\" sizes=\"(max-width: 728px) 100vw, 728px\" \/><\/figure><div class=\"wp-block-media-text__content\">\n<p><strong>Marion VILLANOVA<\/strong><br>Assistante juridique<br><br>\n<a href=\"https:\/\/www.linkedin.com\/in\/marion-villanova-02a270247\" target=\"_blank\" rel=\"noopener noreferrer\">\n  <img loading=\"lazy\" src=\"https:\/\/cdn-icons-png.flaticon.com\/512\/174\/174857.png\" alt=\"LinkedIn\" width=\"24\" height=\"24\" style=\"vertical-align: middle; margin-left: 0px;\">\n<\/a><\/p>\n<\/div><\/div>\n\n\n\n<hr class=\"wp-block-separator\"\/>\n\n\n\n<h5>En partenariat :<\/h5>\n\n\n\n<p><strong>Olivia HERVE-QUINCY<\/strong><br>Avocat \u00e0 la Cour<br>Prestation de serment en 2017<br><\/p>\n\n\n\n<p><\/p>\n\n\n\n<p><\/p>\n","protected":false},"excerpt":{"rendered":"<p>Val\u00e9rie REDON-REYAvocat HonorairePrestation de serment en 1996Avocat mandataire en transactions immobili\u00e8resIEJUC Droit des baux, copropri\u00e9t\u00e9 Adam LAKEHALAvocat \u00e0 la CourPrestation de serment en 2020Master Droit des personnes et de la familleDU Baux commerciaux J\u00e9r\u00f4me MOMASAvocat \u00e0 la CourPrestation de serment en 2005Doctorat en DroitMa\u00eetrise de Droit public Alicia LOVATJuristeMaster Droit ImmobilierDipl\u00f4me de Juriste de G\u00e9om\u00e8tre-expert &hellip; <a href=\"https:\/\/redon-rey.com\/index.php\/lequipe\/\" class=\"more-link\">Lire la suite<span class=\"screen-reader-text\"> \u00ab\u00a0L&rsquo;\u00e9quipe\u00a0\u00bb<\/span><\/a><\/p>\n","protected":false},"author":1,"featured_media":0,"parent":0,"menu_order":0,"comment_status":"closed","ping_status":"closed","template":"","meta":[],"yoast_head":"<!-- This site is optimized with the Yoast SEO plugin v15.8 - https:\/\/yoast.com\/wordpress\/plugins\/seo\/ -->\n<title>L&#039;\u00e9quipe - www.redon-rey.com<\/title>\n<meta name=\"robots\" content=\"index, follow, max-snippet:-1, max-image-preview:large, max-video-preview:-1\" \/>\n<link rel=\"canonical\" href=\"https:\/\/redon-rey.com\/index.php\/lequipe\/\" \/>\n<meta property=\"og:locale\" content=\"fr_FR\" \/>\n<meta property=\"og:type\" content=\"article\" \/>\n<meta property=\"og:title\" content=\"L&#039;\u00e9quipe - www.redon-rey.com\" \/>\n<meta property=\"og:description\" content=\"Val\u00e9rie REDON-REYAvocat HonorairePrestation de serment en 1996Avocat mandataire en transactions immobili\u00e8resIEJUC Droit des baux, copropri\u00e9t\u00e9 Adam LAKEHALAvocat \u00e0 la CourPrestation de serment en 2020Master Droit des personnes et de la familleDU Baux commerciaux J\u00e9r\u00f4me MOMASAvocat \u00e0 la CourPrestation de serment en 2005Doctorat en DroitMa\u00eetrise de Droit public Alicia LOVATJuristeMaster Droit ImmobilierDipl\u00f4me de Juriste de G\u00e9om\u00e8tre-expert &hellip; Lire la suite &quot;L&rsquo;\u00e9quipe&quot;\" \/>\n<meta property=\"og:url\" content=\"https:\/\/redon-rey.com\/index.php\/lequipe\/\" \/>\n<meta property=\"og:site_name\" content=\"www.redon-rey.com\" \/>\n<meta property=\"article:modified_time\" content=\"2025-10-31T16:04:25+00:00\" \/>\n<meta property=\"og:image\" content=\"https:\/\/redon-rey.com\/wp-content\/uploads\/2025\/08\/ValerieREDON-REY-1.jpg\" \/>\n<meta name=\"twitter:card\" content=\"summary_large_image\" \/>\n<meta name=\"twitter:label1\" content=\"Dur\u00e9e de lecture est.\">\n\t<meta name=\"twitter:data1\" content=\"3 minutes\">\n<script type=\"application\/ld+json\" class=\"yoast-schema-graph\">{\"@context\":\"https:\/\/schema.org\",\"@graph\":[{\"@type\":\"WebSite\",\"@id\":\"https:\/\/redon-rey.com\/#website\",\"url\":\"https:\/\/redon-rey.com\/\",\"name\":\"Cabinet d'avocat Redon-Rey\",\"description\":\"Cabinet Redon-Rey &amp; Lakehal\",\"potentialAction\":[{\"@type\":\"SearchAction\",\"target\":\"https:\/\/redon-rey.com\/?s={search_term_string}\",\"query-input\":\"required name=search_term_string\"}],\"inLanguage\":\"fr-FR\"},{\"@type\":\"ImageObject\",\"@id\":\"https:\/\/redon-rey.com\/index.php\/lequipe\/#primaryimage\",\"inLanguage\":\"fr-FR\",\"url\":\"https:\/\/redon-rey.com\/wp-content\/uploads\/2025\/08\/ValerieREDON-REY-1.jpg\",\"width\":728,\"height\":728},{\"@type\":\"WebPage\",\"@id\":\"https:\/\/redon-rey.com\/index.php\/lequipe\/#webpage\",\"url\":\"https:\/\/redon-rey.com\/index.php\/lequipe\/\",\"name\":\"L'\\u00e9quipe - www.redon-rey.com\",\"isPartOf\":{\"@id\":\"https:\/\/redon-rey.com\/#website\"},\"primaryImageOfPage\":{\"@id\":\"https:\/\/redon-rey.com\/index.php\/lequipe\/#primaryimage\"},\"datePublished\":\"2025-06-01T16:37:00+00:00\",\"dateModified\":\"2025-10-31T16:04:25+00:00\",\"breadcrumb\":{\"@id\":\"https:\/\/redon-rey.com\/index.php\/lequipe\/#breadcrumb\"},\"inLanguage\":\"fr-FR\",\"potentialAction\":[{\"@type\":\"ReadAction\",\"target\":[\"https:\/\/redon-rey.com\/index.php\/lequipe\/\"]}]},{\"@type\":\"BreadcrumbList\",\"@id\":\"https:\/\/redon-rey.com\/index.php\/lequipe\/#breadcrumb\",\"itemListElement\":[{\"@type\":\"ListItem\",\"position\":1,\"item\":{\"@type\":\"WebPage\",\"@id\":\"https:\/\/redon-rey.com\/\",\"url\":\"https:\/\/redon-rey.com\/\",\"name\":\"Accueil\"}},{\"@type\":\"ListItem\",\"position\":2,\"item\":{\"@type\":\"WebPage\",\"@id\":\"https:\/\/redon-rey.com\/index.php\/lequipe\/\",\"url\":\"https:\/\/redon-rey.com\/index.php\/lequipe\/\",\"name\":\"L&rsquo;\\u00e9quipe\"}}]}]}<\/script>\n<!-- \/ Yoast SEO plugin. -->","_links":{"self":[{"href":"https:\/\/redon-rey.com\/index.php\/wp-json\/wp\/v2\/pages\/389"}],"collection":[{"href":"https:\/\/redon-rey.com\/index.php\/wp-json\/wp\/v2\/pages"}],"about":[{"href":"https:\/\/redon-rey.com\/index.php\/wp-json\/wp\/v2\/types\/page"}],"author":[{"embeddable":true,"href":"https:\/\/redon-rey.com\/index.php\/wp-json\/wp\/v2\/users\/1"}],"replies":[{"embeddable":true,"href":"https:\/\/redon-rey.com\/index.php\/wp-json\/wp\/v2\/comments?post=389"}],"version-history":[{"count":32,"href":"https:\/\/redon-rey.com\/index.php\/wp-json\/wp\/v2\/pages\/389\/revisions"}],"predecessor-version":[{"id":482,"href":"https:\/\/redon-rey.com\/index.php\/wp-json\/wp\/v2\/pages\/389\/revisions\/482"}],"wp:attachment":[{"href":"https:\/\/redon-rey.com\/index.php\/wp-json\/wp\/v2\/media?parent=389"}],"curies":[{"name":"wp","href":"https:\/\/api.w.org\/{rel}","templated":true}]}}

L&rsquo;équipe

<div class="wp-block-media-text alignwide is-stacked-on-mobile" style="grid-template-columns:20% auto"><figure class="wp-block-media-text__media"><img loading="lazy" width="728" height="728" src="https://redon-rey.com/wp-content/uploads/2025/08/ValerieREDON-REY-1.jpg" alt="" class="wp-image-423 size-full" srcset="https://redon-rey.com/wp-content/uploads/2025/08/ValerieREDON-REY-1.jpg 728w, https://redon-rey.com/wp-content/uploads/2025/08/ValerieREDON-REY-1-300x300.jpg 300w, https://redon-rey.com/wp-content/uploads/2025/08/ValerieREDON-REY-1-150x150.jpg 150w" sizes="(max-width: 728px) 100vw, 728px" /></figure><div class="wp-block-media-text__content">
<p><strong>Valérie REDON-REY</strong><br>Avocat Honoraire<br>Prestation de serment en 1996<br>Avocat mandataire en transactions immobilières<br>IEJUC Droit des baux, copropriété<br></p>



<p></p>
</div></div>



<hr class="wp-block-separator"/>



<div class="wp-block-media-text alignwide is-stacked-on-mobile" style="grid-template-columns:20% auto"><figure class="wp-block-media-text__media"><img loading="lazy" width="728" height="728" src="https://redon-rey.com/wp-content/uploads/2025/08/AdamLAKEHAL.jpeg" alt="" class="wp-image-427 size-full" srcset="https://redon-rey.com/wp-content/uploads/2025/08/AdamLAKEHAL.jpeg 728w, https://redon-rey.com/wp-content/uploads/2025/08/AdamLAKEHAL-300x300.jpeg 300w, https://redon-rey.com/wp-content/uploads/2025/08/AdamLAKEHAL-150x150.jpeg 150w" sizes="(max-width: 728px) 100vw, 728px" /></figure><div class="wp-block-media-text__content">
<p><strong>Adam LAKEHAL</strong><br>Avocat à la Cour<br>Prestation de serment en 2020<br>Master Droit des personnes et de la famille<br>DU Baux commerciaux<br><br>
<a href="https://www.linkedin.com/in/adam-lakehal-a3b596286" target="_blank" rel="noopener noreferrer">
  <img loading="lazy" src="https://cdn-icons-png.flaticon.com/512/174/174857.png" alt="LinkedIn" width="24" height="24" style="vertical-align: middle; margin-left: 0px;">
</a></p>
</div></div>



<hr class="wp-block-separator"/>



<div class="wp-block-media-text alignwide is-stacked-on-mobile" style="grid-template-columns:20% auto"><figure class="wp-block-media-text__media"><img loading="lazy" width="728" height="728" src="https://redon-rey.com/wp-content/uploads/2025/08/JeromeMOMAS.jpeg" alt="" class="wp-image-433 size-full" srcset="https://redon-rey.com/wp-content/uploads/2025/08/JeromeMOMAS.jpeg 728w, https://redon-rey.com/wp-content/uploads/2025/08/JeromeMOMAS-300x300.jpeg 300w, https://redon-rey.com/wp-content/uploads/2025/08/JeromeMOMAS-150x150.jpeg 150w" sizes="(max-width: 728px) 100vw, 728px" /></figure><div class="wp-block-media-text__content">
<p><strong>Jérôme MOMAS</strong><br>Avocat à la Cour<br>Prestation de serment en 2005<br>Doctorat en Droit<br>Maîtrise de Droit public<br><br>
<a href="https://www.linkedin.com/in/jer%C3%B4me-momas-4933271b" target="_blank" rel="noopener noreferrer">
  <img loading="lazy" src="https://cdn-icons-png.flaticon.com/512/174/174857.png" alt="LinkedIn" width="24" height="24" style="vertical-align: middle; margin-left: 0px;">
</a></p>
</div></div>



<hr class="wp-block-separator"/>



<div class="wp-block-media-text alignwide is-stacked-on-mobile" style="grid-template-columns:20% auto"><figure class="wp-block-media-text__media"><img loading="lazy" width="728" height="728" src="https://redon-rey.com/wp-content/uploads/2025/08/AliciaLOVAT.jpeg" alt="" class="wp-image-442 size-full" srcset="https://redon-rey.com/wp-content/uploads/2025/08/AliciaLOVAT.jpeg 728w, https://redon-rey.com/wp-content/uploads/2025/08/AliciaLOVAT-300x300.jpeg 300w, https://redon-rey.com/wp-content/uploads/2025/08/AliciaLOVAT-150x150.jpeg 150w" sizes="(max-width: 728px) 100vw, 728px" /></figure><div class="wp-block-media-text__content">
<p><strong>Alicia LOVAT</strong><br>Juriste<br>Master Droit Immobilier<br>Diplôme de Juriste de Géomètre-expert<br><br>
<a href="https://www.linkedin.com/in/alicia-lovat-b3b82b1b1" target="_blank" rel="noopener noreferrer">
  <img loading="lazy" src="https://cdn-icons-png.flaticon.com/512/174/174857.png" alt="LinkedIn" width="24" height="24" style="vertical-align: middle; margin-left: 0px;">
</a></p>
</div></div>



<hr class="wp-block-separator"/>



<div class="wp-block-media-text alignwide is-stacked-on-mobile" style="grid-template-columns:20% auto"><figure class="wp-block-media-text__media"><img loading="lazy" width="728" height="728" src="https://redon-rey.com/wp-content/uploads/2025/08/MarionVILLANOVA.jpeg" alt="" class="wp-image-445 size-full" srcset="https://redon-rey.com/wp-content/uploads/2025/08/MarionVILLANOVA.jpeg 728w, https://redon-rey.com/wp-content/uploads/2025/08/MarionVILLANOVA-300x300.jpeg 300w, https://redon-rey.com/wp-content/uploads/2025/08/MarionVILLANOVA-150x150.jpeg 150w" sizes="(max-width: 728px) 100vw, 728px" /></figure><div class="wp-block-media-text__content">
<p><strong>Marion VILLANOVA</strong><br>Assistante juridique<br><br>
<a href="https://www.linkedin.com/in/marion-villanova-02a270247" target="_blank" rel="noopener noreferrer">
  <img loading="lazy" src="https://cdn-icons-png.flaticon.com/512/174/174857.png" alt="LinkedIn" width="24" height="24" style="vertical-align: middle; margin-left: 0px;">
</a></p>
</div></div>



<hr class="wp-block-separator"/>



<h5>En partenariat :</h5>



<p><strong>Olivia HERVE-QUINCY</strong><br>Avocat à la Cour<br>Prestation de serment en 2017<br></p>



<p></p>



<p></p>

<p>Valérie REDON-REYAvocat HonorairePrestation de serment en 1996Avocat mandataire en transactions immobilièresIEJUC Droit des baux, copropriété Adam LAKEHALAvocat à la CourPrestation de serment en 2020Master Droit des personnes et de la familleDU Baux commerciaux Jérôme MOMASAvocat à la CourPrestation de serment en 2005Doctorat en DroitMaîtrise de Droit public Alicia LOVATJuristeMaster Droit ImmobilierDiplôme de Juriste de Géomètre-expert &hellip; <a href="https://redon-rey.com/index.php/lequipe/" class="more-link">Lire la suite<span class="screen-reader-text"> « L&rsquo;équipe »</span></a></p>

<!-- This site is optimized with the Yoast SEO plugin v15.8 - https://yoast.com/wordpress/plugins/seo/ -->
<title>L&#039;équipe - www.redon-rey.com</title>
<meta name="robots" content="index, follow, max-snippet:-1, max-image-preview:large, max-video-preview:-1" />
<link rel="canonical" href="https://redon-rey.com/index.php/lequipe/" />
<meta property="og:locale" content="fr_FR" />
<meta property="og:type" content="article" />
<meta property="og:title" content="L&#039;équipe - www.redon-rey.com" />
<meta property="og:description" content="Valérie REDON-REYAvocat HonorairePrestation de serment en 1996Avocat mandataire en transactions immobilièresIEJUC Droit des baux, copropriété Adam LAKEHALAvocat à la CourPrestation de serment en 2020Master Droit des personnes et de la familleDU Baux commerciaux Jérôme MOMASAvocat à la CourPrestation de serment en 2005Doctorat en DroitMaîtrise de Droit public Alicia LOVATJuristeMaster Droit ImmobilierDiplôme de Juriste de Géomètre-expert &hellip; Lire la suite &quot;L&rsquo;équipe&quot;" />
<meta property="og:url" content="https://redon-rey.com/index.php/lequipe/" />
<meta property="og:site_name" content="www.redon-rey.com" />
<meta property="article:modified_time" content="2025-10-31T16:04:25+00:00" />
<meta property="og:image" content="https://redon-rey.com/wp-content/uploads/2025/08/ValerieREDON-REY-1.jpg" />
<meta name="twitter:card" content="summary_large_image" />
<meta name="twitter:label1" content="Durée de lecture est.">
	<meta name="twitter:data1" content="3 minutes">
<script type="application/ld+json" class="yoast-schema-graph">{"@context":"https://schema.org","@graph":[{"@type":"WebSite","@id":"https://redon-rey.com/#website","url":"https://redon-rey.com/","name":"Cabinet d'avocat Redon-Rey","description":"Cabinet Redon-Rey &amp; Lakehal","potentialAction":[{"@type":"SearchAction","target":"https://redon-rey.com/?s={search_term_string}","query-input":"required name=search_term_string"}],"inLanguage":"fr-FR"},{"@type":"ImageObject","@id":"https://redon-rey.com/index.php/lequipe/#primaryimage","inLanguage":"fr-FR","url":"https://redon-rey.com/wp-content/uploads/2025/08/ValerieREDON-REY-1.jpg","width":728,"height":728},{"@type":"WebPage","@id":"https://redon-rey.com/index.php/lequipe/#webpage","url":"https://redon-rey.com/index.php/lequipe/","name":"L'\u00e9quipe - www.redon-rey.com","isPartOf":{"@id":"https://redon-rey.com/#website"},"primaryImageOfPage":{"@id":"https://redon-rey.com/index.php/lequipe/#primaryimage"},"datePublished":"2025-06-01T16:37:00+00:00","dateModified":"2025-10-31T16:04:25+00:00","breadcrumb":{"@id":"https://redon-rey.com/index.php/lequipe/#breadcrumb"},"inLanguage":"fr-FR","potentialAction":[{"@type":"ReadAction","target":["https://redon-rey.com/index.php/lequipe/"]}]},{"@type":"BreadcrumbList","@id":"https://redon-rey.com/index.php/lequipe/#breadcrumb","itemListElement":[{"@type":"ListItem","position":1,"item":{"@type":"WebPage","@id":"https://redon-rey.com/","url":"https://redon-rey.com/","name":"Accueil"}},{"@type":"ListItem","position":2,"item":{"@type":"WebPage","@id":"https://redon-rey.com/index.php/lequipe/","url":"https://redon-rey.com/index.php/lequipe/","name":"L&rsquo;\u00e9quipe"}}]}]}</script>
<!-- / Yoast SEO plugin. -->
